rs of 1490.
2, 5, 149
What are the prime factors of 165?
3, 5, 11
What are the prime factors of 2941?
17, 173
List the prime factors of 108173.
13, 53, 157
List the prime factors of 620.
2, 5, 31
List the prime factors of 116880.
2, 3, 5, 487
What are the prime factors of 5829?
3, 29, 67
List the prime factors of 58.
2, 29
List the prime factors of 82483.
82483
What are the prime factors of 188058?
2, 3, 13, 2411
List the prime factors of 7353.
3, 19, 43
What are the prime factors of 47686?
2, 113, 211
List the prime factors of 39614.
2, 29, 683
What are the prime factors of 7940?
2, 5, 397
List the prime factors of 37238.
2, 43, 433
What are the prime factors of 31233?
3, 29, 359
What are the prime factors of 17030?
2, 5, 13, 131
List the prime factors of 7926.
2, 3, 1321
List the prime factors of 30356.
2, 7589
What are the prime factors of 2000?
2, 5
List the prime factors of 3083.
3083
List the prime factors of 2949.
3, 983
What are the prime factors of 15634?
2, 7817
List the prime factors of 1586.
2, 13, 61
What are the prime factors of 1050?
2, 3, 5, 7
What are the prime factors of 10538?
2, 11, 479
What are the prime factors of 842?
2, 421
What are the prime factors of 660?
2, 3, 5, 11
What are the prime factors of 11517?
3, 11, 349
What are the prime factors of 696?
2, 3, 29
What are the prime factors of 10235?
5, 23, 89
What are the prime factors of 78415?
5, 15683
List the prime factors of 3307.
3307
List the prime factors of 437.
19, 23
List the prime factors of 2892.
2, 3, 241
List the prime factors of 63604.
2, 15901
What are the prime factors of 1363?
29, 47
What are the prime factors of 31034?
2, 59, 263
List the prime factors of 11610.
2, 3, 5, 43
List the prime factors of 8896.
2, 139
List the prime factors of 12115.
5, 2423
List the prime factors of 3336.
2, 3, 139
List the prime factors of 3290.
2, 5, 7, 47
List the prime factors of 526.
2, 263
List the prime factors of 1007.
19, 53
List the prime factors of 22445.
5, 67
What are the prime factors of 115363?
115363
List the prime factors of 25311.
3, 11, 13, 59
List the prime factors of 510.
2, 3, 5, 17
What are the prime factors of 25289?
11, 19
List the prime factors of 433.
433
What are the prime factors of 56419?
11, 23, 223
What are the prime factors of 6725?
5, 269
What are the prime factors of 2932?
2, 733
List the prime factors of 4468.
2, 1117
What are the prime factors of 54714?
2, 3, 11, 829
What are the prime factors of 150870?
2, 3, 5, 47, 107
What are the prime factors of 1947?
3, 11, 59
List the prime factors of 105783.
3, 37, 953
List the prime factors of 20256.
2, 3, 211
What are the prime factors of 8305?
5, 11, 151
List the prime factors of 9924.
2, 3, 827
What are the prime factors of 5835?
3, 5, 389
List the prime factors of 2666.
2, 31, 43
List the prime factors of 76535.
5, 15307
List the prime factors of 37083.
3, 47, 263
What are the prime factors of 5120?
2, 5
List the prime factors of 32491.
32491
List the prime factors of 1232.
2, 7, 11
List the prime factors of 87.
3, 29
What are the prime factors of 70346?
2, 17, 2069
What are the prime factors of 10488?
2, 3, 19, 23
List the prime factors of 863.
863
What are the prime factors of 1016?
2, 127
List the prime factors of 22387.
61, 367
List the prime factors of 7496.
2, 937
What are the prime factors of 67008?
2, 3, 349
What are the prime factors of 3348?
2, 3, 31
What are the prime factors of 4353?
3, 1451
What are the prime factors of 41972?
2, 7, 1499
List the prime factors of 5717.
5717
What are the prime factors of 1200?
2, 3, 5
What are the prime factors of 3788?
2, 947
What are the prime factors of 25243?
25243
List the prime factors of 620.
2, 5, 31
What are the prime factors of 339?
3, 113
List the prime factors of 9236.
2, 2309
What are the prime factors of 168387?
3, 37, 41
What are the prime factors of 27086?
2, 29, 467
List the prime factors of 20167.
7, 43, 67
List the prime factors of 3624.
2, 3, 151
What are the prime factors of 48?
2, 3
List the prime factors of 13034.
2, 7, 19
List the prime factors of 118898.
2, 13, 17, 269
List the prime factors of 18728.
2, 2341
List the prime factors of 9326.
2, 4663
What are the prime factors of 19514?
2, 11, 887
List the prime factors of 835.
5, 167
List the prime factors of 1300.
2, 5, 13
What are the prime factors of 7669?
7669
List the prime factors of 16324.
2, 7, 11, 53
List the prime factors of 36534.
2, 3, 6089
What are the prime factors of 166397?
7, 11, 2161
List the prime factors of 9949.
9949
What are the prime factors of 8069?
8069
What are the prime factors of 985?
5, 197
List the prime factors of 118630.
2, 5, 11863
What are the prime factors of 17524?
2, 13, 337
What are the prime factors of 1818?
2, 3, 101
List the prime factors of 1079.
13, 83
What are the prime factors of 1087?
1087
What are the prime factors of 2945?
5, 19, 31
What are the prime factors of 2047?
23, 89
What are the prime factors of 515?
5, 103
List the prime factors of 19915.
5, 7, 569
What are the prime factors of 23624?
2, 2953
List the prime factors of 533.
13, 41
List the prime factors of 125432.
2, 15679
What are the prime factors of 542?
2, 271
List the prime factors of 2600.
2, 5, 13
List the prime factors of 945.
3, 5, 7
What are the prime factors of 2288?
2, 11, 13
List the prime factors of 61037.
67, 911
List the prime factors of 43657.
149, 293
List the prime factors of 19892.
2, 4973
List the prime factors of 1563.
3, 521
What are the prime factors of 4362?
2, 3, 727
What are the prime factors of 74018?
2, 7, 17, 311
What are the prime factors of 12449?
59, 211
List the prime factors of 645.
3, 5, 43
List the prime factors of 26597.
26597
What are the prime factors of 409?
409
What are the prime factors of 69776?
2, 7, 89
What are the prime factors of 74?
2, 37
List the prime factors of 657.
3, 73
What are the prime factors of 2597?
7, 53
List the prime factors of 1925.
5, 7, 11
What are the prime factors of 29370?
2, 3, 5, 11, 89
What are the prime factors of 1867?
1867
What are the prime factors of 11369?
11369
List the prime factors of 659.
659
What are the prime factors of 66270?
2, 3, 5, 47
List the prime factors of 3759.
3, 7, 179
What are the prime factors of 1258?
2, 17, 37
List the prime factors of 57062.
2, 103, 277
List the prime factors of 100064.
2, 53, 59
List the prime factors of 787.
787
What are the prime factors of 12141?
3, 19, 71
What are the prime factors of 7405?
5, 1481
What are the prime factors of 21393?
3, 2377
List the prime factors of 665.
5, 7, 19
What are the prime factors of 33819?
3, 11273
What are the prime factors of 16337?
17, 31
What are the prime factors of 2184?
2, 3, 7, 13
List the prime factors of 10917.
3, 1213
List the prime factors of 47979.
3, 1777
List the prime factors of 4740.
2, 3, 5, 79
What are the prime factors of 8067?
3, 2689
List the prime factors of 11260.
2, 5, 563
What are the prime factors of 25110?
2, 3, 5, 31
List the prime factors of 6838.
2, 13, 263
What are the prime factors of 7450?
2, 5, 149
What are the prime factors of 144529?
7, 11, 1877
List the prime factors of 2151.
3, 239
What are the prime factors of 14918?
2, 7459
What are the prime factors of 33120?
2, 3, 5, 23
What are the prime factors of 69872?
2, 11, 397
What are the prime factors of 58?
2, 29
List the prime factors of 3208.
2, 401
What are the prime factors of 141231?
3, 179, 263
What are the prime factors of 5797?
11, 17, 31
What are the prime factors of 1193?
1193
What are the prime factors of 11458?
2, 17, 337
List the prime factors of 1035.
3, 5, 23
List the prime factors of 13253.
29, 457
What are the prime factors of 42944?
2, 11, 61
List the prime factors of 319.
11, 29
List the prime factors of 102026.
2, 139, 367
What are the prime factors of 6131?
6131
What are the prime factors of 94609?
37, 2557
List the prime factors of 19474.
2, 7, 13, 107
List the prime factors of 53468.
2, 13367
List the prime factors of 1463.
7, 11, 19
What are the prime factors of 1184?
2, 37
What are the prime factors of 20042?
2, 11, 911
List the prime factors of 14274.
2, 3, 13, 61
List the prime factors of 1324.
2, 331
What are the prime factors of 6822?
2, 3, 379
What are the prime factors of 1623?
3, 541
What are the p